 (1 - 3 - 0)*-18?
35
Suppose 24*k + 852 = 36*k. Calculate the remainder when 495 is divided by k.
69
Let c = -117 + 258. Calculate the remainder when 553 is divided by c.
130
Let y = 1104 - 431. Calculate the remainder when y is divided by 52.
49
Suppose -11*m = -50*m + 39. What is the remainder when 59 is divided by m?
0
Suppose 2238 = -19*m + 2352. Calculate the remainder when 1306 is divided by m.
4
Suppose l + 7*l - 104 = 0. Calculate the remainder when 44 is divided by l.
5
Suppose -5*x - 7*s + 150 = -6*s, 2*x = -3*s + 60. What is the remainder when 88 is divided by x?
28
Suppose r = 3, -85*s = -80*s - 5*r - 105. Calculate the remainder when 166 is divided by s.
22
Let k be 18/27 + (-32)/3. Let m(i) = -i + 13. What is the remainder when 137 is divided by m(k)?
22
Let u(k) = 56*k**2 - 12*k - 13. Suppose 0 = x - 0*x - 39. Calculate the remainder when u(-1) is divided by 3/(-6) + x/2.
17
Suppose 189 = 4*z - 7. Let b = z + -20. Calculate the remainder when b is divided by 8.
5
Suppose -4*x = -9 - 39. Let t = -4098 + 4275. What is the remainder when t is divided by x?
9
Suppose 0 = -4*y + 5*c - 6*c + 1388, 0 = y - 2*c - 347. Calculate the remainder when y is divided by 10.
7
Let y = -78 + 132. Let d be ((-6)/(-4))/((-5)/(-40)). Let s = d + 2. Calculate the remainder when y is divided by s.
12
Suppose -2*x + 4*y - 15 = -61, 100 = 5*x - 5*y. What is the remainder when 36 is divided by x?
2
Let r = 138 + -129. Calculate the remainder when r is divided by 3.
0
Suppose 9*x - 7*x - 250 = -3*u, -u = -4*x + 500. What is the remainder when x is divided by 43?
39
Let x(z) be the second derivative of z**5/20 - z**4/12 - z**3/2 + 3*z**2/2 - 43*z. What is the remainder when x(4) is divided by 17?
5
Suppose -4 = -4*j, 5*j + 7 = 6*b - 3*b. Suppose 5*u - 578 = -b*k + 223, 2*u - 310 = k. Suppose 5*h = u - 12. Calculate the remainder when 84 is divided by h.
26
Suppose 2*t - 11 - 307 = -2*m, -4*t + 660 = -2*m. What is the remainder when t is divided by 28?
23
Let n = -27 + 108. Let a = 257 + -236. Calculate the remainder when n is divided by a.
18
Let b(q) = q**2 + 7*q + 11. Let t(m) = 2*m + 8. Calculate the remainder when b(-6) is divided by t(-3).
1
Let l(v) = -v**2 - v - 1. Let u(z) = z**2 + 9*z + 3. Let g(n) = 2*l(n) + u(n). Let c = -125 + 162. Calculate the remainder when c is divided by g(3).
11
Let q(m) = 4*m**2 + 21*m + 45. What is the remainder when 76 is divided by q(-5)?
36
Let z(j) be the first derivative of 2*j**3/3 - 7*j**2 + j + 1. What is the remainder when 84 is divided by z(8)?
16
Let d(x) = 14*x**2 + x. Let q = 0 + 15. Let k = -9 + q. What is the remainder when d(1) is divided by k?
3
Let x = -5 - -8. Suppose -5*d - 53 = -x*v, -2*v + 20 + 11 = d. Suppose 0 = -3*q + 97 + 86. What is the remainder when q is divided by v?
13
Calculate the remainder when 73 is divided by (18/(-21))/((180/(-112))/15).
1
Let y(s) = -4*s + 3. Suppose 0*m + 1 = m + 4*z, 5*m + 4*z = 5. Suppose m + 15 = -4*l. What is the remainder when y(l) is divided by 5?
4
Let y(i) be the third derivative of 2*i**2 + 0 + 0*i - 5/24*i**4 - 11/6*i**3. What is the remainder when y(-9) is divided by 7?
6
Let g(a) = -a**3 - a. Let n(r) = -7. Let b(f) = -g(f) - n(f). Calculate the remainder when b(0) is divided by (10/(-6))/((-1)/3).
2
Let z(n) = -3*n - 3. Let i(b) = 0*b**2 + 4 + b**2 + 0*b**2 - 2*b. Calculate the remainder when i(-6) is divided by z(-10).
25
Suppose -m + 35 = 4*w, 9*w - 7*w - 65 = -3*m. Suppose -2*j + 3*v = -23, 0*j + j = 3*v + m. What is the remainder when 19 is divided by j?
3
Let r = 4 + -8. Let j = r + 7. Suppose j*o - 97 = 2*o. What is the remainder when o is divided by 25?
22
Let a = -79 + 184. Suppose 0 = -4*x - 3*w + 66, -14*w - 30 = -19*w. Calculate the remainder when a is divided by x.
9
Calculate the remainder when 15/(-45) - 691/(-3) is divided by 61.
47
Let o be -1 - (2 - -8)/(-2). What is the remainder when o/14 + 488/7 is divided by 18?
16
Suppose -t - 57 - 208 = -2*u, u - 3*t - 125 = 0. What is the remainder when 264 is divided by u?
130
What is the remainder when 61 is divided by (-64 + -1 - 1)/(67 + -69)?
28
Suppose -2*c = -3*k + 30, -50 = -5*k - 50*c + 54*c. What is the remainder when 315 is divided by k?
5
Suppose o + 4*p = 3*o - 190, 2*p + 6 = 0. Suppose -2490*s + 2484*s = -180. What is the remainder when o is divided by s?
29
Suppose 3*m = m + 136. Suppose 2*l = -4*k + 148, -2*k + 4*l + 11 = -43. What is the remainder when m is divided by k?
33
Suppose 0 = -2*x + 253 + 501. Suppose 0 = 4*j - x + 109. What is the remainder when j is divided by 17?
16
Let g = 45 - 21. Let m(i) = i - 6. Let w be m(6). Suppose 6*b - 4*b - 140 = w. Calculate the remainder when b is divided by g.
22
Suppose -p + 17 = -27. Let t(h) = -2*h**2 - 8*h - 7. Let l be t(-6). Let k = 46 + l. Calculate the remainder when p is divided by k.
14
Suppose -9*k + 50 = -4*k. Suppose -10*a = -11*a + 6. Calculate the remainder when k is divided by a.
4
Let f be 31 + (-5)/((-25)/(-10)). Suppose 24*y - f*y = -235. What is the remainder when y is divided by 5?
2
Suppose 6*l - 21 = -3. Suppose -4*i = -l - 97. What is the remainder when i is divided by 6?
1
Let p(r) = -r + 9. Let f be p(7). What is the remainder when 153 is divided by f/((-8)/124)*-1?
29
Let i = 469 - 0. Calculate the remainder when i is divided by 154.
7
Suppose -309 = -4*w - 233. Calculate the remainder when w is divided by 3.
1
Let m(y) = -23*y - 8. Let i be 2/(4 - (9 - 4)). What is the remainder when m(i) is divided by 21?
17
Let q be (-50)/(6/3)*3. Let h = q - -122. Let o(u) = u**3 + 10*u**2 - 3*u - 6. Calculate the remainder when h is divided by o(-10).
23
Let z(n) = n**3 - n**2 + 4*n + 4. Suppose 14 = 4*d - 2. What is the remainder when z(d) is divided by ((-5)/3)/(211/54 + -4)?
14
Suppose 5*w - 23 = -2*m, 2*m + 1 = 6*w - 3*w. Suppose -74 = 3*d - 2*t, -t = m*t - 5. Let g = d + 33. Calculate the remainder when g is divided by 3.
0
What is the remainder when (-28)/(-105)*10*12 is divided by 30?
2
Suppose 1 = 9*m - 8*m. What is the remainder when 11 is divided by m/3*((-24)/2)/(-1)?
3
Suppose -5*c = -323 + 268. Calculate the remainder when 469 is divided by c.
7
What is the remainder when (-8 - 3633/(-14))*2 is divided by 18?
17
Suppose -30 = -5*t - 10. Suppose 84 = 4*s - i + 3*i, -s - 3*i + 21 = 0. What is the remainder when s is divided by (3 - (-1 + t)) + 11?
10
Suppose -4*g + 64 = 4*i, 28 - 12 = 4*i. Calculate the remainder when g is divided by 9.
3
Let v = -5 - -6. Suppose v = n - 12. Calculate the remainder when 51 is divided by n.
12
Let q(f) = -f**3 - 9*f**2 + 5*f - 12. Let o(b) be the first derivative of 3*b**2/2 - 10*b - 4. Let z be o(0). What is the remainder when q(z) is divided by 10?
8
Let q(f) = f**3 + 12*f**2 - 11*f + 34. Calculate the remainder when 70 is divided by q(-13).
6
Let k(f) = f**3 - 2*f**2 - 4*f + 7. Let d be k(3). What is the remainder when 63 is divided by (23/4)/(1/d)?
17
Suppose 27*m = 14*m + 10712. Calculate the remainder when m is divided by 59.
57
Let a(v) = 2*v**2 + 31*v + 126. Let l(w) = 2*w**3 + w**2 - w - 1. Let o be l(2). Suppose 0 = -3*x + o + 19. What is the remainder when a(-5) is divided by x?
9
Suppose -2*v + 4*v = 0. Suppose 2 = y - v*y. Suppose -4*t = -9*t + 5*j + 110, y*t = 4*j + 48. What is the remainder when t is divided by 11?
9
Let y(t) = -t**3 + 4*t**2 + 2*t + 8. Let h be y(5). Let u = 25 - h. What is the remainder when u is divided by 9?
5
Let h = 31 - 33. What is the remainder when 3 + 44 + (1 - (-6)/h) is divided by 8?
5
Let k = -38 + 61. Let i(l) = -l + 38. Calculate the remainder when 72 is divided by i(k).
12
Let r(a) = 6*a - 7*a - 18 + 4*a. What is the remainder when 44 is divided by r(9)?
8
Let p(z) = z - 11. Let h be p(13). Let g(l) = -2*l**h + l**2 - 2*l - 2*l + 3*l - l**3 + 9. Calculate the remainder when 33 is divided by g(0).
6
Suppose -675 = -l - 4*a, 4*l = 2*l + 4*a + 1410. Calculate the remainder when l is divided by 229.
8
Let z = -1908 - -3116. Suppose p - 318 = -3*r - 33, 4*p - 5*r = z. Calculate the remainder when p is divided by 60.
57
Let j = 20 + 3. What is the remainder when 134 is divided by j?
19
Suppose -1333 = -102*z + 2033. What is the remainder when 289 is divided by z?
25
Suppose -17*n + 132 = 16*n. Let z(u) = -21*u - 3. What is the rema